{"id":4720,"date":"2023-01-03T16:05:39","date_gmt":"2023-01-03T16:05:39","guid":{"rendered":"http:\/\/coffeespecialtycoffee.com\/_store\/product\/marcos-fazenda-sao-sebastiao\/"},"modified":"2025-11-01T08:06:57","modified_gmt":"2025-11-01T08:06:57","slug":"marcos-fazenda-sao-sebastiao","status":"publish","type":"product","link":"https:\/\/coffeespecialtycoffee.com\/en\/product\/marcos-fazenda-sao-sebastiao\/","title":{"rendered":"Marcos \u2013 Fazenda S\u00e3o Sebasti\u00e3o"},"content":{"rendered":"<p><strong>Fazenda S\u00e3o Sebasti\u00e3o<\/strong> located in S\u00e3o Thom\u00e9 das Letras city, was acquired by Mr. Jung Han Kim in 2012. It was unproductive and its area was predominantly grass for cattle sown because there was milk production in the farm. After Mr. Kim&#8217;s arrival and bold vision 1 million coffee trees were planted in the area and a unique specialty coffee production structure was built. In 2017 his daughter Catarina Kim and his son-in-law Marcos Kim came to the farm to join forces with the team. With their arrival some projects could be successfully performed such as: RFA certification, Organic Coffee plantation and the production of several specialty coffee profiles due to the teamwork focused on innovative post-harvest processing. That way, <strong>Kim Family<\/strong> works year after year with dedication and love towards specialty coffee and people.<\/p>\n","protected":false},"excerpt":{"rendered":"Our microlot of this elegant Tupi monovarietal has a clean body and long finish. Quite sophisticated and appealing due to its malic acidity.\n\n<strong>Sensorial profile:<\/strong>\nJasmin, rose, tropical fruits and pear","protected":false},"featured_media":4735,"comment_status":"open","ping_status":"closed","template":"","meta":[],"product_brand":[],"product_cat":[68],"product_tag":[],"class_list":{"0":"post-4720","1":"product","2":"type-product","3":"status-publish","4":"has-post-thumbnail","6":"product_cat-coffee-en","8":"first","9":"instock","10":"taxable","11":"shipping-taxable","12":"purchasable","13":"product-type-variable"},"jetpack_sharing_enabled":true,"_links":{"self":[{"href":"https:\/\/coffeespecialtycoffee.com\/en\/wp-json\/wp\/v2\/product\/4720","targetHints":{"allow":["GET"]}}],"collection":[{"href":"https:\/\/coffeespecialtycoffee.com\/en\/wp-json\/wp\/v2\/product"}],"about":[{"href":"https:\/\/coffeespecialtycoffee.com\/en\/wp-json\/wp\/v2\/types\/product"}],"replies":[{"embeddable":true,"href":"https:\/\/coffeespecialtycoffee.com\/en\/wp-json\/wp\/v2\/comments?post=4720"}],"wp:featuredmedia":[{"embeddable":true,"href":"https:\/\/coffeespecialtycoffee.com\/en\/wp-json\/wp\/v2\/media\/4735"}],"wp:attachment":[{"href":"https:\/\/coffeespecialtycoffee.com\/en\/wp-json\/wp\/v2\/media?parent=4720"}],"wp:term":[{"taxonomy":"product_brand","embeddable":true,"href":"https:\/\/coffeespecialtycoffee.com\/en\/wp-json\/wp\/v2\/product_brand?post=4720"},{"taxonomy":"product_cat","embeddable":true,"href":"https:\/\/coffeespecialtycoffee.com\/en\/wp-json\/wp\/v2\/product_cat?post=4720"},{"taxonomy":"product_tag","embeddable":true,"href":"https:\/\/coffeespecialtycoffee.com\/en\/wp-json\/wp\/v2\/product_tag?post=4720"}],"curies":[{"name":"wp","href":"https:\/\/api.w.org\/{rel}","templated":true}]}}

Marcos – Fazenda São Sebastião

<p><strong>Fazenda São Sebastião</strong> located in São Thomé das Letras city, was acquired by Mr. Jung Han Kim in 2012. It was unproductive and its area was predominantly grass for cattle sown because there was milk production in the farm. After Mr. Kim&#8217;s arrival and bold vision 1 million coffee trees were planted in the area and a unique specialty coffee production structure was built. In 2017 his daughter Catarina Kim and his son-in-law Marcos Kim came to the farm to join forces with the team. With their arrival some projects could be successfully performed such as: RFA certification, Organic Coffee plantation and the production of several specialty coffee profiles due to the teamwork focused on innovative post-harvest processing. That way, <strong>Kim Family</strong> works year after year with dedication and love towards specialty coffee and people.</p>
